{"id":2,"date":"2023-04-21T17:12:00","date_gmt":"2023-04-21T17:12:00","guid":{"rendered":"http:\/\/lalipop-shop.com\/?page_id=2"},"modified":"2023-06-03T14:04:09","modified_gmt":"2023-06-03T14:04:09","slug":"pagina-exemplo","status":"publish","type":"page","link":"https:\/\/lalipop-shop.com\/index.php\/pagina-exemplo\/","title":{"rendered":"Sobre N\u00f3s"},"content":{"rendered":"<p><\/p><div class=\"wp-block-image\"><figure class=\"aligncenter size-large is-resized\"><img fetchpriority=\"high\" decoding=\"async\" src=\"https:\/\/lalipop-shop.com\/wp-content\/uploads\/2023\/06\/circulo-pequeno-final-1024x1024.png\" alt=\"\" class=\"wp-image-421\" width=\"310\" height=\"310\" srcset=\"https:\/\/lalipop-shop.com\/wp-content\/uploads\/2023\/06\/circulo-pequeno-final-1024x1024.png 1024w, https:\/\/lalipop-shop.com\/wp-content\/uploads\/2023\/06\/circulo-pequeno-final-300x300.png 300w, https:\/\/lalipop-shop.com\/wp-content\/uploads\/2023\/06\/circulo-pequeno-final-100x100.png 100w, https:\/\/lalipop-shop.com\/wp-content\/uploads\/2023\/06\/circulo-pequeno-final-600x600.png 600w, https:\/\/lalipop-shop.com\/wp-content\/uploads\/2023\/06\/circulo-pequeno-final-150x150.png 150w, https:\/\/lalipop-shop.com\/wp-content\/uploads\/2023\/06\/circulo-pequeno-final-768x768.png 768w, https:\/\/lalipop-shop.com\/wp-content\/uploads\/2023\/06\/circulo-pequeno-final-1536x1536.png 1536w, https:\/\/lalipop-shop.com\/wp-content\/uploads\/2023\/06\/circulo-pequeno-final-2048x2048.png 2048w, https:\/\/lalipop-shop.com\/wp-content\/uploads\/2023\/06\/circulo-pequeno-final-1140x1140.png 1140w, https:\/\/lalipop-shop.com\/wp-content\/uploads\/2023\/06\/circulo-pequeno-final-920x920.png 920w, https:\/\/lalipop-shop.com\/wp-content\/uploads\/2023\/06\/circulo-pequeno-final-575x575.png 575w, https:\/\/lalipop-shop.com\/wp-content\/uploads\/2023\/06\/circulo-pequeno-final-380x380.png 380w, https:\/\/lalipop-shop.com\/wp-content\/uploads\/2023\/06\/circulo-pequeno-final-50x50.png 50w\" sizes=\"(max-width: 310px) 100vw, 310px\" \/><\/figure><\/div><blockquote class=\"wp-block-quote is-layout-flow wp-block-quote-is-layout-flow\"><p class=\"has-text-align-left\">Por tr\u00e1s da Lalipop, est\u00e3o duas m\u00e3es de c\u00e3es (e gata), que um dia sentiram a necessidade de criar trelas com as quais todos os c\u00e3es e tutores pudessem usufruir dos passeios, da maneira mais segura, e ao mesmo tempo, sendo mais felizes, e com mais liberdade em cada passeio!<\/p>\n\n<p><\/p>\n\n<figure class=\"wp-block-image size-full is-resized\"><img decoding=\"async\" src=\"https:\/\/lalipop-shop.com\/wp-content\/uploads\/2023\/06\/IMG_7280-4.jpg\" alt=\"\" class=\"wp-image-439\" width=\"1003\" height=\"667\" srcset=\"https:\/\/lalipop-shop.com\/wp-content\/uploads\/2023\/06\/IMG_7280-4.jpg 828w, https:\/\/lalipop-shop.com\/wp-content\/uploads\/2023\/06\/IMG_7280-4-600x399.jpg 600w, https:\/\/lalipop-shop.com\/wp-content\/uploads\/2023\/06\/IMG_7280-4-300x200.jpg 300w, https:\/\/lalipop-shop.com\/wp-content\/uploads\/2023\/06\/IMG_7280-4-768x511.jpg 768w, https:\/\/lalipop-shop.com\/wp-content\/uploads\/2023\/06\/IMG_7280-4-575x383.jpg 575w, https:\/\/lalipop-shop.com\/wp-content\/uploads\/2023\/06\/IMG_7280-4-380x253.jpg 380w\" sizes=\"(max-width: 1003px) 100vw, 1003px\" \/><\/figure><\/blockquote><blockquote class=\"wp-block-quote is-layout-flow wp-block-quote-is-layout-flow\"><p><\/p>\n\n<p>Todas as trelas Lalipop s\u00e3o feitas \u00e0 m\u00e3o em Portugal! E cada uma delas \u00e9 feita com todo o carinho e tempo necess\u00e1rio para garantir a sua qualidade.<\/p>\n\n<p><\/p><\/blockquote><p><\/p>","protected":false},"excerpt":{"rendered":"<p>Todas as trelas Lalipop s\u00e3o feitas \u00e0 m\u00e3o em Portugal! E cada uma delas \u00e9 feita com todo o carinho e tempo necess\u00e1rio para garantir a sua qualidade.<\/p>\n","protected":false},"author":1,"featured_media":0,"parent":0,"menu_order":0,"comment_status":"closed","ping_status":"open","template":"","meta":{"inline_featured_image":false,"footnotes":""},"class_list":["post-2","page","type-page","status-publish","hentry"],"aioseo_notices":[],"jetpack_sharing_enabled":true,"_links":{"self":[{"href":"https:\/\/lalipop-shop.com\/index.php\/wp-json\/wp\/v2\/pages\/2"}],"collection":[{"href":"https:\/\/lalipop-shop.com\/index.php\/wp-json\/wp\/v2\/pages"}],"about":[{"href":"https:\/\/lalipop-shop.com\/index.php\/wp-json\/wp\/v2\/types\/page"}],"author":[{"embeddable":true,"href":"https:\/\/lalipop-shop.com\/index.php\/wp-json\/wp\/v2\/users\/1"}],"replies":[{"embeddable":true,"href":"https:\/\/lalipop-shop.com\/index.php\/wp-json\/wp\/v2\/comments?post=2"}],"version-history":[{"count":0,"href":"https:\/\/lalipop-shop.com\/index.php\/wp-json\/wp\/v2\/pages\/2\/revisions"}],"wp:attachment":[{"href":"https:\/\/lalipop-shop.com\/index.php\/wp-json\/wp\/v2\/media?parent=2"}],"curies":[{"name":"wp","href":"https:\/\/api.w.org\/{rel}","templated":true}]}}